 5 + 2))?
1
Calculate (42 - -3) + -43 + 45 + -21.
26
What is (10 - 2) + 0 - 25 - -4?
-13
What is (-4 + -6 + 9 - -4) + -4 - 9?
-10
What is 8 + -6 + -16 - 1?
-15
What is the value of 10 + -34 - (8 + 7 + -17)?
-22
14 + -2 + -41 + 44 + 1 + 2
18
Evaluate 16 - (-2 - 1 - (-16 + 13)).
16
Calculate (-13 - (-3 - 7)) + -2 + 17 + -5.
7
-1 + 20 - (681 + -650)
-12
Evaluate 40 - 50 - (-3 - 3).
-4
Calculate 7 - (16 - 35) - (1 - -2) - -7.
30
What is the value of -3 - (14 + -8 - 5) - 9?
-13
Calculate -11 - (6 - 1 - 0 - 0).
-16
What is -9 - ((2 - 11) + (49 - 37))?
-12
What is the value of 9 - (-31 - (-46 - -23))?
17
Calculate (-1 - 0) + 19 + (-29 - -20).
9
What is -28 + 7 - (-11 + 0)?
-10
Evaluate -13 - (-29 - -30 - (2 - (-2 + -1))).
-9
Evaluate 41 - (112 - (56 + -17)).
-32
Evaluate 17 - 18 - (-9 - -4) - 5.
-1
4 - (-139 + 133 + -9 + -1 + 3)
17
Calculate -8 - -36 - (-40 + 40).
28
Evaluate -1 + -10 + (196 - 200).
-15
Calculate (-12 - ((-137 - -135) + (21 - -1))) + 12.
-20
53 + -28 - 20 - (12 - 1)
-6
0 + -2 - (59 - (29 + 39))
7
13 + 0 - (19 + -12)
6
Evaluate (8 - (1 + 4) - -5) + (4 - -1).
13
What is the value of 1 + 5 + (13 + 2 - (87 + -61))?
-5
9 + (-1 - 0) + (293 - 318)
-17
What is 3 - 19 - 2 - (36 - 7 - 24)?
-23
Evaluate (13 - 8) + 6 + -19.
-8
Evaluate -7 + 46 + -12 - 41.
-14
Evaluate -7 + 2 + 0 + 7.
2
Calculate 6 + -2 + 38 + -5 + -44.
-7
Evaluate 27 - (-18 + 27 + -3 + -2).
23
What is (-22 - -13) + (2 - -13)?
6
(-24 + 21 - (6 + -11)) + -6
-4
Calculate (4 - -3 - 3) + (-5 - -10 - 0).
9
Evaluate (576 - 571) + (15 - -1) + -1 + 3.
23
Evaluate (-2 - -7) + (-118 - -114).
1
What is -8 + (6 - -9) + -6 + -13?
-12
What is -8 - 0 - (-15 + (15 - (15 - 14)))?
-7
Calculate 1 + -1 + -7 + -2 + 17.
8
-1 + 22 - (17 - -4)
0
What is (0 - 2) + (-3 - -5) + -11 - -3?
-8
Evaluate (-7 - (-19 + 10 + -1)) + -2.
1
What is the value of 1 + 2 + -3 + 1 + (21 - 6)?
16
2 - (8 + -8 + -7 - 7) - 1
15
What is the value of -1 - (-8 - -12) - -7?
2
Evaluate -14 + -11 + 18 - 10.
-17
-6 + (0 - (-4 + -6 - 0))
4
Evaluate (-1 + -2 - (-2 + -10 + 14)) + 0.
-5
Calculate -31 + -3 + (-29 - -65).
2
Calculate 3 + 153 + -194 + (4 - -1) + -5.
-38
What is the value of (0 - -2 - -3) + (15 - (45 - 30))?
5
-12 + -13 + -21 + 45
-1
63 - 62 - (5 - 1)
-3
What is 2 - (31 - (6 + 26))?
3
What is 8 - (7 - -8) - (0 + (9 - 4))?
-12
Evaluate 3 - (3 - (-1 - -4)) - 20.
-17
Calculate (-20 + 35 - -60) + -43.
32
Evaluate 3 - (15 - (-2 + 5)).
-9
-96 + 125 - (1 + 10 + (-4 - -3))
19
Calculate -17 + 6 - 27 - (18 - 23).
-33
-14 + (27 - 34) + 36
15
-14 - (-5 + 3 - 17)
5
Calculate 2 - (-11 + -8 + 16).
5
What is the value of (22 - -2) + -5 + (1 - 9)?
11
12 - (24 + -10) - 5
-7
What is -3 + 33 + 1 + -45?
-14
What is the value of -13 - (-25 + 14) - (7 - -1)?
-10
What is the value of -41 - (-26 + -2) - -18?
5
(-13 - -21) + -3 + -2 + -2
1
1 + 1 + -3 + (69 - (69 - -4))
-5
(-5 + 6 - 4) + 10 + 50 + -29
28
Calculate -22 + -14 + 12 + 41 + -20.
-3
What is 5 + -67 + 32 + 25?
-5
What is (-68 - -64) + (12 - (-10 - -5))?
13
Calculate 16 + 8 + -11 + -10 + -4.
-1
14 - 1 - (-47 - (66 - 94))
32
Evaluate -7 + (-3 + -3 - (-11 - 9)).
7
(2 - 1) + -29 + 19
-9
Evaluate -2 + -1 - (10 + -35 + -1 + 14).
9
Evaluate -22 - (15 + -50 - -32).
-19
What is the value of 34 - (42 - (-48 - -30))?
-26
-8 + (-2 - -2) - -2
-6
-8 - (-20 + 9 + 7 + 3)
-7
Evaluate 13 - (-20 - -5 - -6 - -15) - -14.
21
29 - (27 + (30 - 35))
7
7 - (6 - (8 + (-11 - -5)))
3
Calculate -4 + 0 + 0 + (-45 + 69 - 15).
5
Calculate -4 + (17 - (15 + -15)).
13
Evaluate (-17 - 0) + 14 + -8.
-11
Evaluate 6 - (7 - ((1 - -4) + 34 + -40)).
-2
Evaluate -19 - (25 - (-6 - -19)).
-31
Evaluate (-11 - 2) + 5 + (0 - 2) + 3.
-7
What is 59 + -9 + -54 - (-1 - -2 - -8)?
-13
6 - 25 - (-109 + 101)
-11
Evaluate 4 + (2 - ((24 - -6) + -9)).
-15
What is -12 - (-8 - (-11 - (3 + (-5 - -6))))?
-19
What is the value of (2 - (-1 - 15)) + -73 + 59 + 12?
16
What is 19 - 0 - 1 - (15 - (-21 - -29))?
11
What is the value of -9 - (7 + -1 + (-16 - -9))?
-8
Calculate -193 + 208 + (-1 - 8).
6
What is 10 - (0 + 10 - 19 - -8 - -8)?
3
2 + -5 - (-4 + -22 + 2)
21
What is the value of 26 - (-9 - (-30 + -8))?
-3
What is the value of (-1 - (1 + -8)) + (52 - (-21 + 77))?
2
What is the value of -8 - ((0 - 2) + -1) - (-58 + 55)?
-2
What is 1 + -23 + -105 + 123?
-4
What is the value of 0 + -3 + (-5 - (-5 + 4)) + 27?
20
Evaluate -6 + 18 + -13 - (3 + 11).
-15
What is (-1 - (-8 + 8 + -5 + -1)) + -26?
-21
Calculate -2 - -4 - (-99 + 103).
-2
Calculate 6 - (17 - 9) - (2 + -4).
0
Evaluate -4 - (-4 + 9 + 6 + -21 + 2).
4
What is -31 + -20 + 57 - (-1 + 0 - -1)?
6
36 + (-33 - (6 - 3))
0
Evaluate -16 + 15 + -19 + 27.
7
What is 8 + 3 + -5 + 99 + -93?
12
Evaluate -13 - (-10 + -14 + 12 + 11) - 24.
-36
What is the value of (-31 - -1) + -6 + -14 + 29?
-21
What is the value of (23 - (23 + 2)) + (-6 - (2 + -2))?
-8
Evaluate -12 - ((102 - 110) + 1 + -6).
1
Calculate 21 + -26 + 13 + -20.
-12
What is the value of -3 - (29 - (-18 - -15 - -16))?
-19
15 + -8 + (-11 - -12)
8
4 + -13 + 21 + -13
-1
Evaluate -2 - ((-10 + 4 - -6) + 4) - -8.
2
Evaluate -34 - (7 + 12 + -37).
-16
Calculate (-40 - -40) + -4 + 0 + -2 + -2.
-8
Calculate (-44 - -51) + (-2 - 0 - 2).
3
Evaluate 8 + -78 + 34 - -13.
-23
Calculate (30 - 57) + 16 - (0 + 6).
-17
What is (1 - -1 - 6) + (-32 - -41) - 9?
-4
What is the value of -17 + 13 + 9 - (9 + -1) - -9?
6
9 + 9 + (1 - (14 + -9))
14
What is (300 - 308) + (0 - -1 - 1)?
-8
13 - (26 + -20 + (1 - -1)) - -1
6
Evaluate 52 + -30 - 5 - -8.
25
0 + -5 - ((-230 - -242) + (-14 - 1))
-2
Evaluate (1 - -8) + -17 + 20 + -5.
7
0 + 1 + 28 + -24 - 17
-12
Calculate 0 + -4 + -7 - (-1 + (0 - 7)).
-3
-691 + 694 + (-12 - 1) + (1 - 0)
-9
Evaluate 38 - (8 - (14 - (7 + 17))).
20
What is the value of -8 + 22 + -1 - (-9 - -1)?
21
What is 20 + 1 + 323 + -337?
7
What is -62 + 25 + 53 + -2 + (1 - -3)?
18
What is the value of -213 + 210 + (0 - -2)?
-1
Evaluate 10 + 10 + 3 + -2 + -4 + -4.
13
Calculate 20 - (57 - 62 - (1 - (-2 + 5))).
23
What is the value of 0 - (-14 + (-22 - -15) + 27)?
-6
What is the value of -2 - (-14 + 3) - (0 + -12)?
21
Calculate 2 - (9 + -18) - 15.
-4
What is -18 + (11 - 17) + 0 - (0 - 3)?
-21
What is 2 + 0 - (-4 + -5 + 1)?
10
Calculate 8 + (-1 - -1 - (13 - 17)) + -7.
5
Calculate (-9 - (-1 - 8)) + (0 - 5) - 8.
-13
What is 2 - (-12 + -4 + 10 + 23) - -3?
-12
What is (5 - -13) + -6 + 0 + -1?
11
Calculate 35 + 26 + -45 + (-7 - -1).
10
What is -9 + (0 - 5) + (37 - 35)?
-12
What is 16 + 7 + -7 + -10 + 8?
14
What is the value of 2 - (-17 + -14) - 19?
14
What is 6 - -14 - 3 - 29?
-12
Calculate (11 - 8 - -12) + -27.
-12
Evaluate (0 - -14) + -9 - (-15 + 5).
15
Calculate 13 + -5 - (0 - (4 - 3) - 5).
14
What is the value of 4 + (34 - -1) - 14?
25
-16 + (-23 - (8 - 30))
-17
-8 + (16 + 4 - 13)
-1
Calculate 185 + -199 - (-9 + 0) - 17.
-22
What is 2 - (-1 - (-2 + 7)) - -4?
12
Evaluate (-7 - (1 - 2) - (0 - 1)) + 25.
20
What is 1 + -24 - -17 - (-13 - -2)?
5
-6 + (-12 - 2) - (2 - 2)
-20
Evaluate -13 - (-15 - (-13 + 4)).
-7
Calculate (21 - 0) + (17 - 30) - -10.
18
What is the value of -3 - (19 + 11 + 6 + -14 - 10)?
-15
What is 12 + 10 + (3 - 0)?
25
What is the value of -232 + 243 + (-15 - 0) + (0 - 2)?
-6
36 + -30 - (2 + 15)
-11
Calculate 6 + (17 - (17 - -14)).
-8
29 + -15 + (-9 - -1) - (2 - -2)
2
What is (0 - (-2 + 1)) + -9 + 11?
3
What is -23 - -11 - (-1 - 14)?
3
5 + 13 + -4 + -16
-2
(-8 + -1 - -19) + -10
0
-4 + 10 + (-9 - -12) + -10
-1
Evaluate 5 + (-1 - 12 - (41 + -44)).
-5
-8 + (9 + 0 - (19 - 1 - 22))
5
What is 11 + -13 + (2 - -5) + (-19 - -6)?
-8
Evaluate 0 - (11 - (7 - 21)).
-25
What is 61 + -47 - (26 - -5)?
-17
What is (11 + -15 - 13) + 7?
-10
8 + (7 + -7 - (-1 - -2))
7
What is the value of 10 + -10 + 25 - (5 + -4)?
24
What is 431 + -435 - (-7 - -1)?
2
What is 0 + (-13 - 1) + (-1790 - -1830)?
26
What is (0 + -2 + -3 - -15) + -25?
-15
Calculate 24 + (-30 - (-2 - 14)).
10
20 + (0 + -1 - (28 + -27))
18
What is the value of -8 + -52 + 23 + 12?
-25
What is (10 - 7) + 2 + (-5 - (-2 - 1))?
3
What is -2 + -24 - (-505 - -475)?
4
What is -21 - (-12 - (27 + -16))?
2
Evaluate (-1 - 26) + (155 - 140).
-12
Evaluate 12 + -3 + -11 - -3.
1
Evaluate -47 - (20 + -17 - 16).
-34
What is the value of 6 + (16 + -4 - 30) - -11?
-1
1 + 12 + -71 + (59 - 27)
-26
-2 - (3 + (4 - (-6 + 6)) + 7)
-16
What is the value of 38 